 + (-122)/22. What is u(k)?
11
Suppose 34*u - 42*u = 8. Let t(a) = 3*a**3 - 2*a**2 + a + 2. Determine t(u).
-4
Let u(s) = -14*s**2 - 166*s + 10. Let z be u(-12). Let j(p) = 2*p + 19. Calculate j(z).
-9
Let x = 19 - 1. Let r(u) = x*u - 8*u - u + 4*u. Determine r(1).
13
Suppose -2*s + 3 = s. Let r(y) = 7*y + 2. Let w(p) = -7*p - 3. Let x(a) = 4*r(a) + 3*w(a). Calculate x(s).
6
Let c(b) = b**3 + 5*b**2 + 5*b - 2. Let i be c(-3). Let y(m) = 11*m**3 + 1. What is y(i)?
12
Let y(o) = -4*o - o + 2*o + 9. Suppose 4*s + p = 6*p - 39, -5*p + 21 = -s. Let r be (-80)/(-12) - (s/(-9) + 0). Calculate y(r).
-9
Let r(o) = 2*o**2 + 3*o - 2. Let g be (4 + 48/(-20))*-5. Let v be (11/(-44))/(1/g). Determine r(v).
12
Let o(m) = 57*m**2 + m**3 - 62*m**2 + 3 - 7*m + 12*m - 6*m. Give o(4).
-17
Suppose 5*w = 0, 4*w - 2 + 8 = 3*t. Let u(k) = -32*k**2 + k + 44*k**t - 2*k - 1. What is u(-1)?
12
Let y(z) = 2*z + 19. Let i be y(-7). Let r(u) = 5*u + 2 - 2*u**2 + 2*u**2 - 6*u**2 + u**3 + 3. Determine r(i).
5
Let g be 6 + 7 + -2 + -3. Suppose 2*y = -4*v + 18, -3*y - v + 9 = -g. Suppose p - y*z = 2, 3*z - 4 = -3*p + 2. Let r(i) = i + 1. Calculate r(p).
3
Let v(t) = -46 + 29 - t**2 + 23 + 4*t. Calculate v(5).
1
Let h(g) = -3*g**2 + 4*g - 2. Suppose 0 = 4*m - 0 + 12, -5*m = -3*r + 102. Suppose -33*k + r*k = -8. Calculate h(k).
-6
Let p(t) = t**3 - 9*t**2 + 7*t - 1. Let k(r) = -r + 50. Let j be k(9). Suppose -9 = 4*m - j. What is p(m)?
-9
Let l(i) = -2*i**3 - 2*i**2 + 2*i. Suppose -17*q - 17 = 17. Calculate l(q).
4
Let f(k) = 15*k - 21. Let y(c) = 32*c - 46. Let p(l) = 13*f(l) - 6*y(l). Calculate p(4).
15
Let k(c) = -c - 4. Suppose g + 3*g = -2*i - 8, 35 = -5*i + 5*g. Let l be k(i). Let p(r) = -2*r**2 + 3*r + 3*r**2 + 2 - l*r**2. Determine p(2).
4
Let p(u) be the first derivative of -u**2/2 + 12*u - 81. Give p(6).
6
Let b be 5/((-36)/(-8) + -4). Let r(z) = -z**2 + 10*z + 10. Let v be r(b). Suppose s - v = -s. Let o(u) = u + 2. Determine o(s).
7
Suppose -5 = -8*w + 11. Let g(y) = y**3 - y**2 + 3*y - 3. Let m(b) = 5*b**3 - 5*b**2 + 16*b - 14. Let p(u) = w*m(u) - 11*g(u). What is p(0)?
5
Let t be (-10)/(-55) - 178/11. Let d = t - -17. Let u(w) = w + 8 + 11*w**2 - 7*w**2 - d - w**3. Determine u(5).
-13
Let s(j) = -7*j**2 + 2*j - 1. Let h(r) be the first derivative of r**3/3 - 3*r**2 - 12*r - 10. Let n be h(8). Let y(a) = 3*a - 11. Let g be y(n). Give s(g).
-6
Suppose -4*x - 17 = -13. Let g(n) = -33*n**3 - n**2. Determine g(x).
32
Let s(x) = -2*x - 2*x**2 + 2*x**2 - 3*x + 2*x**2. Suppose 0 = k - 5*o - 4, 5*k - 20 = -0*k + 3*o. What is s(k)?
12
Let v(u) = u**2 - 7*u + 2. Let m be ((-19)/(532/24))/(1/(-7)). Determine v(m).
-4
Let z be 12/(-20) + 83/5. Let x = z - 17. Let n(r) = -8*r**3 + 2*r**2 + 2*r + 1. What is n(x)?
9
Suppose 5*o - d = 10, 2*o = 5*o - 3*d + 6. Let x(y) = -y**3 + 3*y**2 + 2*y. Let b be x(o). Let c(u) = 10 - 2 + 0*u - 3*u + b*u. Give c(-6).
-10
Let o(u) = -26*u - 20. Let j be o(-1). Let s(f) = -f + 1. Calculate s(j).
-5
Let g(s) = 3*s**3 - 2*s**2 + s. Suppose 5*w - 20 = -7*o + 2*o, -5*w = 3*o - 8. Suppose 3*m = 7*m - 16. Suppose o*j - 2*j = m. Give g(j).
2
Let t(d) = 4*d**2 - 5*d - 5. Suppose 11*z + 49 = 27. What is t(z)?
21
Let a(q) = -3*q - 9. Suppose -48*v - 12 = -156. Give a(v).
-18
Let g be 13/(-52) + (-11)/4. Let y = -3 + g. Let l(f) = -f**2 - 8*f - 9. Let i be l(y). Let u(t) = -t**2 + t + 1. Calculate u(i).
-5
Let z(a) = -8*a + 18. Let x(g) = -9*g + 20. Let v(y) = 6*x(y) - 7*z(y). Calculate v(8).
10
Let g(s) = 4 - 18*s + 6*s + 5*s - 4*s + 4*s. What is g(6)?
-38
Let f be 18/(-15)*15/(-6). Let i(s) = 8*s**2 + 2*s**2 + 22*s**f + 6*s - 7 - 21*s**3 - 3*s**2. Determine i(-5).
13
Let u(o) = o - 1. Let b(f) = f**2 - 5*f - 11. Let k(l) = b(l) - 2*u(l). Calculate k(7).
-9
Suppose p = -2*o + 5*o - 6, -o - p + 2 = 0. Let v(a) = 2*a**2 - a**o - 33 - a + 33. Suppose -5*c + u + 3 = -11, -4*c + 5*u + 7 = 0. Give v(c).
6
Let y(l) be the first derivative of l - 36*l**2 - 27*l**2 + 18 - 54 + 62*l**2. Give y(-2).
5
Let m(l) be the second derivative of -3/2*l**2 - l + 1/6*l**3 + 0. Calculate m(2).
-1
Let k(a) be the third derivative of a**5/20 + a**4/6 + a**3/3 + 371*a**2. Suppose -2*h + 7*h + 10 = 0. What is k(h)?
6
Suppose 6*i - 3*i = -x + 4, i = 3*x + 8. Let d(m) = -2*m - 6*m**2 + m**i - 2*m**2 + 3*m**2. Let u = 74 + -76. What is d(u)?
-12
Let m(y) = 1 + 3*y + y**3 + 9*y**2 + 0*y**2 + 5 - 4*y**2. Let j be 4/6*(-12)/2. Give m(j).
10
Let r(x) = x - 1. Let i(b) = 5*b + 6. Let l(u) = i(u) - 3*r(u). Calculate l(-8).
-7
Let g(z) be the first derivative of z**7/840 + z**6/40 - 11*z**5/120 - 5*z**4/12 + 43*z**3/3 - 45. Let j(i) be the third derivative of g(i). Calculate j(-10).
0
Let g(x) = -3*x**3 - 2*x**2 - x - 1. Let n(t) = -2*t**3 - 3*t**2 - 2*t - 5. Let w(r) = g(r) - n(r). Give w(3).
-11
Let h(m) be the first derivative of -m**6/360 + m**5/30 + m**4/24 - 4*m**3 + 9. Let l(v) be the third derivative of h(v). Give l(6).
-11
Let k(n) be the first derivative of -n**2 + 8*n + 184. What is k(8)?
-8
Let x(s) = s**3 + 5*s**2 + 2*s - 11. Let h be x(-4). Let g(f) = 0*f + 2*f + f + 1. What is g(h)?
-8
Suppose -2*k - 12 = -5*k. Let h(l) = 2*l - 8 + 13 - 4*l + k*l. Calculate h(-4).
-3
Let u(k) = 15*k + 21. Let n(l) = 3*l + 4. Let h(y) = 11*n(y) - 2*u(y). Calculate h(-2).
-4
Let u(r) = -29*r**2 + 3*r + 3. Let y be 1 - 5 - (6 + -9). Determine u(y).
-29
Let y(o) = 5*o - 6. Let h be 10/(-14) - -5 - (-8)/(-28). Calculate y(h).
14
Let z be ((-2)/6)/(9/(-27)). Let q(x) = 0*x - z + x - 4*x + 4*x. Determine q(1).
0
Suppose -5*t + 8 = -2. Suppose -t = 7*c + 40. Let i(p) = p + 1. Calculate i(c).
-5
Let g(r) be the first derivative of -29 + 1/3*r**3 - r + 0*r**2. What is g(-2)?
3
Let w(c) be the third derivative of c**6/120 - c**5/30 - c**4/8 + c**3/3 + 11*c**2. Let a be 5/3 - (-2)/6. Determine w(a).
-4
Let w(t) be the first derivative of -t**3/3 + 5*t**2/2 - 10*t + 172. What is w(5)?
-10
Let d(n) = 5*n - 1. Let p = 158 + -160. Give d(p).
-11
Let s(t) = t**3 - t**2 + t + 2. Let n(v) = -v**3 + 5*v**2 - 6. Let i(c) = n(c) + 2*s(c). Determine i(-3).
-8
Let j(n) = -n**3 - 2*n**2 + 2*n + 4. Let u be -1 - 0 - (3 - -14). Let y = 0 + -15. Let m = u - y. Calculate j(m).
7
Let v(u) be the first derivative of -u**7/840 - 7*u**6/360 - u**5/15 - u**4/8 + 6*u**3 - 8. Let t(q) be the third derivative of v(q). What is t(-5)?
-13
Let f(x) = -x + 13. Let k(y) = y**2 - 14*y - 30. Let u be k(16). Suppose -i = -4*i + o - 3, u*o = 6. Give f(i).
13
Let n = -17 - -20. Suppose -n*i + l = i + 31, 0 = l - 3. Let k(f) = -f**3 - 7*f**2 + f + 1. Let w be k(i). Let y(j) = -j**3 - 5*j**2 + 6*j + 9. Calculate y(w).
9
Let v be 5 - 1 - 5*-1. Let p be 8/(-3) - 3/v. Let i(a) = a**3 + 2*a**2 - 4*a - 4. Give i(p).
-1
Let h = 19 - 31. Let d be (-7 - 13/(-2))/(2/h). Let b(o) = -2*o + 3. Calculate b(d).
-3
Let m(n) = -86 + 2*n - 3*n - 2*n + 4*n + 77. Let d = 3 + -3. Give m(d).
-9
Suppose 0 = 3*r + 2 + 4. Let m(n) = -10 + 1 + 0 + 10. Let h(b) = 2*b - 3. Let o(u) = -h(u) - 2*m(u). Determine o(r).
5
Let x = -52 - -49. Let y be (3*x*2/9)/(-1). Let o(c) = -c + 1. Let p(w) = -8*w + 8. Let v(r) = 6*o(r) - p(r). Determine v(y).
2
Let f(u) = u**2 - 6*u + 1. Let h be f(6). Let a(r) = 1. Let i(l) = -l**2 + 3*l - 3. Let v(m) = h*i(m) + 6*a(m). Suppose 572*b + 27 = 581*b. Determine v(b).
3
Suppose -6 = -3*f - 2*w, 2*f - 7 = -w - 3. Let s(v) = v - 2*v + 4*v + v**f - 3 + 4. Calculate s(-3).
1
Let w be (3 + -2)*(4 - (3 + 1)). Let o(p) = -2*p**2 + 2. Let y(a) = -3*a**2 + 2. Let m(l) = 4*o(l) - 3*y(l). Determine m(w).
2
Let h(o) = 3 - 4*o + 0 + 0*o**3 + o**3 - 3*o**2. Let i be ((-36)/(-7) - 2) + 29/(-203). Calculate h(i).
-9
Let x(v) = 20*v**2 + 3*v + 4. Let n(y) = -14*y**2 - 3 + 6*y - 8*y - 5*y**2. Let m(r) = -3*n(r) - 2*x(r). Determine m(-1).
18
Let t(n) = -n**3 - 5*n**2 - 4*n - 6. Suppose -3*q + 9 = -0*q. Suppose q*s - 4*z - 23 = 0, -2*s + 5*s - 13 = 2*z. Let o be s/(15/(-12) + 1). Determine t(o).
-6
Let j(o) = -o**2 - 2549 + 1280 + 1271 + 0*o**2 + 6*o. Determine j(6).
2
Let n(l) be the first derivative of l**3/3 - 4*l + 1. Suppose -20*d - 4352 + 4412 = 0. Determine n(d).
5
Let x(z) be the third derivative of 0*z + 0 - 1/6*z**3 + 2*z**2 + 3/8*z**4. Let h be (75/(-10) - -6)/((-9)/6). Give x(h).
8
Let u = -1147/2 - -574. Let m(a) be the first derivative of 1 -